{"id":556,"date":"2023-10-11T18:02:24","date_gmt":"2023-10-11T16:02:24","guid":{"rendered":"https:\/\/dorylansorena.es\/?page_id=556"},"modified":"2023-10-11T18:02:24","modified_gmt":"2023-10-11T16:02:24","slug":"todas-las-noticias","status":"publish","type":"page","link":"https:\/\/dorylansorena.es\/index.php\/todas-las-noticias\/","title":{"rendered":"Todas las noticias"},"content":{"rendered":"\n<div class=\"wp-block-query is-layout-flow wp-block-query-is-layout-flow\"><ul class=\"wp-block-post-template is-layout-flow wp-block-post-template-is-layout-flow\"><li class=\"wp-block-post post-489 post type-post status-publish format-standard has-post-thumbnail hentry category-libros category-noticia category-poesia tag-libro tag-poesia tag-primaveras\">\n<h2 class=\"wp-block-post-title\"><a href=\"https:\/\/dorylansorena.es\/index.php\/2023\/10\/10\/n\/\" target=\"_self\" >Nuevo libro: PRIMAVERAS &#8211; en el jard\u00edn de los sue\u00f1os &#8211;<\/a><\/h2>\n\n<figure class=\"alignwide wp-block-post-featured-image\"><a href=\"https:\/\/dorylansorena.es\/index.php\/2023\/10\/10\/n\/\" target=\"_self\"  ><img fetchpriority=\"high\" decoding=\"async\" width=\"2080\" height=\"361\" src=\"https:\/\/dorylansorena.es\/wp-content\/uploads\/2023\/10\/coverpreview.jpg\" class=\"attachment-post-thumbnail size-post-thumbnail wp-post-image\" alt=\"Nuevo libro: PRIMAVERAS &#8211; en el jard\u00edn de los sue\u00f1os &#8211;\" style=\"object-fit:cover;\" srcset=\"https:\/\/dorylansorena.es\/wp-content\/uploads\/2023\/10\/coverpreview.jpg 2080w, https:\/\/dorylansorena.es\/wp-content\/uploads\/2023\/10\/coverpreview-300x52.jpg 300w, https:\/\/dorylansorena.es\/wp-content\/uploads\/2023\/10\/coverpreview-1024x178.jpg 1024w, https:\/\/dorylansorena.es\/wp-content\/uploads\/2023\/10\/coverpreview-768x133.jpg 768w, https:\/\/dorylansorena.es\/wp-content\/uploads\/2023\/10\/coverpreview-1536x267.jpg 1536w, https:\/\/dorylansorena.es\/wp-content\/uploads\/2023\/10\/coverpreview-2048x355.jpg 2048w\" sizes=\"(max-width: 2080px) 100vw, 2080px\" \/><\/a><\/figure>\n\n<div class=\"wp-block-post-excerpt\"><p class=\"wp-block-post-excerpt__excerpt\">PRIMAVERAS &#8211; en el jard\u00edn de los sue\u00f1os &#8211; Nuevo libro ya disponible \u00a1Hola, hola! \ud83d\udcd5\ud83d\udcd5 \u00bfQu\u00e9 tal?\ud83d\ude00 Espero que est\u00e9is bien. \ud83d\udc9cHoy, es un buen d\u00eda para leerse un libro, ya sea iniciando uno nuevo el cual nos rapta el alma de alg\u00fan modo que desconocemos o desempolvar ese que ya tantas veces hemos&hellip; <\/p><\/div>\n\n\n<hr class=\"wp-block-separator has-css-opacity\"\/>\n\n\n<div class=\"wp-block-post-date\"><time datetime=\"2023-10-10T20:09:42+02:00\">10 de October de 2023<\/time><\/div>\n<\/li><li class=\"wp-block-post post-679 post type-post status-publish format-standard has-post-thumbnail hentry category-libros category-libros-noticia category-noticia category-poesia\">\n<h2 class=\"wp-block-post-title\"><a href=\"https:\/\/dorylansorena.es\/index.php\/2026\/02\/11\/nueva-publicacion-el-tren-de-los-suenos\/\" target=\"_self\" >NUEVA PUBLICACI\u00d3N,  \u201cEL TREN DE LOS SUE\u00d1OS\u201d<\/a><\/h2>\n\n<figure class=\"alignwide wp-block-post-featured-image\"><a href=\"https:\/\/dorylansorena.es\/index.php\/2026\/02\/11\/nueva-publicacion-el-tren-de-los-suenos\/\" target=\"_self\"  ><img decoding=\"async\" width=\"1536\" height=\"1024\" src=\"https:\/\/dorylansorena.es\/wp-content\/uploads\/2026\/02\/403B8463-1E1E-4A72-B33E-44B20EAAA0B4.png\" class=\"attachment-post-thumbnail size-post-thumbnail wp-post-image\" alt=\"NUEVA PUBLICACI\u00d3N,  \u201cEL TREN DE LOS SUE\u00d1OS\u201d\" style=\"object-fit:cover;\" srcset=\"https:\/\/dorylansorena.es\/wp-content\/uploads\/2026\/02\/403B8463-1E1E-4A72-B33E-44B20EAAA0B4.png 1536w, https:\/\/dorylansorena.es\/wp-content\/uploads\/2026\/02\/403B8463-1E1E-4A72-B33E-44B20EAAA0B4-300x200.png 300w, https:\/\/dorylansorena.es\/wp-content\/uploads\/2026\/02\/403B8463-1E1E-4A72-B33E-44B20EAAA0B4-1024x683.png 1024w, https:\/\/dorylansorena.es\/wp-content\/uploads\/2026\/02\/403B8463-1E1E-4A72-B33E-44B20EAAA0B4-768x512.png 768w\" sizes=\"(max-width: 1536px) 100vw, 1536px\" \/><\/a><\/figure>\n\n<div class=\"wp-block-post-excerpt\"><p class=\"wp-block-post-excerpt__excerpt\">Todos los sue\u00f1os merecen un viaje m\u00e1gico\u2026 \ud83d\udcd6Mikel y Jon son dos hermanos so\u00f1adores que, una noche especial, suben a bordo del Tren de los Sue\u00f1os, una locomotora m\u00e1gica que surca el cielorecogiendo los deseos m\u00e1s puros de los ni\u00f1os. Acompa\u00f1ados por Kattalin, el duende jefe de estaci\u00f3n, vivir\u00e1n una aventura extraordinaria donde descubrir\u00e1n que&hellip; <\/p><\/div>\n\n\n<hr class=\"wp-block-separator has-css-opacity\"\/>\n\n\n<div class=\"wp-block-post-date\"><time datetime=\"2026-02-11T10:38:17+01:00\">11 de February de 2026<\/time><\/div>\n<\/li><li class=\"wp-block-post post-648 post type-post status-publish format-standard has-post-thumbnail hentry category-blog\">\n<h2 class=\"wp-block-post-title\"><a href=\"https:\/\/dorylansorena.es\/index.php\/2024\/08\/16\/resena-de-primaveras-en-libros-nocturnidad-y-alevosia\/\" target=\"_self\" >Rese\u00f1a de &#8220;PRIMAVERAS&#8221; en LIBROS, NOCTURNIDAD Y ALEVOSIA<\/a><\/h2>\n\n<figure class=\"alignwide wp-block-post-featured-image\"><a href=\"https:\/\/dorylansorena.es\/index.php\/2024\/08\/16\/resena-de-primaveras-en-libros-nocturnidad-y-alevosia\/\" target=\"_self\"  ><img decoding=\"async\" width=\"720\" height=\"540\" src=\"https:\/\/dorylansorena.es\/wp-content\/uploads\/2024\/08\/valerie-belin-still-life-with-mirror-2014-copyright-valerie-belin-courtesy-galerie-nathalie-obadia-paris-brussels-191436-x540q80.jpg.webp\" class=\"attachment-post-thumbnail size-post-thumbnail wp-post-image\" alt=\"Rese\u00f1a de &#8220;PRIMAVERAS&#8221; en LIBROS, NOCTURNIDAD Y ALEVOSIA\" style=\"object-fit:cover;\" srcset=\"https:\/\/dorylansorena.es\/wp-content\/uploads\/2024\/08\/valerie-belin-still-life-with-mirror-2014-copyright-valerie-belin-courtesy-galerie-nathalie-obadia-paris-brussels-191436-x540q80.jpg.webp 720w, https:\/\/dorylansorena.es\/wp-content\/uploads\/2024\/08\/valerie-belin-still-life-with-mirror-2014-copyright-valerie-belin-courtesy-galerie-nathalie-obadia-paris-brussels-191436-x540q80.jpg-300x225.webp 300w\" sizes=\"(max-width: 720px) 100vw, 720px\" \/><\/a><\/figure>\n\n<div class=\"wp-block-post-excerpt\"><p class=\"wp-block-post-excerpt__excerpt\">Podeis leer en el siguiente link la rese\u00f1a que me ha dejado Omar Jerez de la web &#8220;Libros, nocturnidad y alevos\u00eda&#8221; sobre mi libro &#8220;Primaveras. En el jard\u00edn de los sue\u00f1os&#8221;. <\/p><\/div>\n\n\n<hr class=\"wp-block-separator has-css-opacity\"\/>\n\n\n<div class=\"wp-block-post-date\"><time datetime=\"2024-08-16T12:26:37+02:00\">16 de August de 2024<\/time><\/div>\n<\/li><li class=\"wp-block-post post-645 post type-post status-publish format-standard has-post-thumbnail hentry category-blog category-libros tag-libro tag-poesia tag-primaveras tag-resenas\">\n<h2 class=\"wp-block-post-title\"><a href=\"https:\/\/dorylansorena.es\/index.php\/2024\/08\/16\/resena-de-mi-libro-primaveras-en-aenoveles\/\" target=\"_self\" >Rese\u00f1a de mi libro &#8220;PRIMAVERAS&#8221; en AENOVELES<\/a><\/h2>\n\n<figure class=\"alignwide wp-block-post-featured-image\"><a href=\"https:\/\/dorylansorena.es\/index.php\/2024\/08\/16\/resena-de-mi-libro-primaveras-en-aenoveles\/\" target=\"_self\"  ><img loading=\"lazy\" decoding=\"async\" width=\"940\" height=\"788\" src=\"https:\/\/dorylansorena.es\/wp-content\/uploads\/2024\/08\/Primaveras-en-el-jardin-de-los-suenos-de-Dory-Lansorena-resena-literaria.png\" class=\"attachment-post-thumbnail size-post-thumbnail wp-post-image\" alt=\"Rese\u00f1a de mi libro &#8220;PRIMAVERAS&#8221; en AENOVELES\" style=\"object-fit:cover;\" srcset=\"https:\/\/dorylansorena.es\/wp-content\/uploads\/2024\/08\/Primaveras-en-el-jardin-de-los-suenos-de-Dory-Lansorena-resena-literaria.png 940w, https:\/\/dorylansorena.es\/wp-content\/uploads\/2024\/08\/Primaveras-en-el-jardin-de-los-suenos-de-Dory-Lansorena-resena-literaria-300x251.png 300w, https:\/\/dorylansorena.es\/wp-content\/uploads\/2024\/08\/Primaveras-en-el-jardin-de-los-suenos-de-Dory-Lansorena-resena-literaria-768x644.png 768w\" sizes=\"(max-width: 940px) 100vw, 940px\" \/><\/a><\/figure>\n\n<div class=\"wp-block-post-excerpt\"><p class=\"wp-block-post-excerpt__excerpt\">Me hace mucha ilusi\u00f3n que AENOVELES se haya echo eco de mi \u00faltimo libro &#8220;Primaveras. En el jard\u00edn de los sue\u00f1os&#8221;. Os dejo aqu\u00ed el enlace para que lo consulteis. <\/p><\/div>\n\n\n<hr class=\"wp-block-separator has-css-opacity\"\/>\n\n\n<div class=\"wp-block-post-date\"><time datetime=\"2024-08-16T12:17:36+02:00\">16 de August de 2024<\/time><\/div>\n<\/li><\/ul><\/div>\n","protected":false},"excerpt":{"rendered":"","protected":false},"author":1,"featured_media":0,"parent":0,"menu_order":0,"comment_status":"closed","ping_status":"closed","template":"","meta":{"om_disable_all_campaigns":false,"_monsterinsights_skip_tracking":false,"_monsterinsights_sitenote_active":false,"_monsterinsights_sitenote_note":"","_monsterinsights_sitenote_category":0,"footnotes":""},"class_list":["post-556","page","type-page","status-publish","hentry"],"aioseo_notices":[],"_links":{"self":[{"href":"https:\/\/dorylansorena.es\/index.php\/wp-json\/wp\/v2\/pages\/556","targetHints":{"allow":["GET"]}}],"collection":[{"href":"https:\/\/dorylansorena.es\/index.php\/wp-json\/wp\/v2\/pages"}],"about":[{"href":"https:\/\/dorylansorena.es\/index.php\/wp-json\/wp\/v2\/types\/page"}],"author":[{"embeddable":true,"href":"https:\/\/dorylansorena.es\/index.php\/wp-json\/wp\/v2\/users\/1"}],"replies":[{"embeddable":true,"href":"https:\/\/dorylansorena.es\/index.php\/wp-json\/wp\/v2\/comments?post=556"}],"version-history":[{"count":1,"href":"https:\/\/dorylansorena.es\/index.php\/wp-json\/wp\/v2\/pages\/556\/revisions"}],"predecessor-version":[{"id":557,"href":"https:\/\/dorylansorena.es\/index.php\/wp-json\/wp\/v2\/pages\/556\/revisions\/557"}],"wp:attachment":[{"href":"https:\/\/dorylansorena.es\/index.php\/wp-json\/wp\/v2\/media?parent=556"}],"curies":[{"name":"wp","href":"https:\/\/api.w.org\/{rel}","templated":true}]}}