{"id":539,"date":"2023-10-11T17:39:56","date_gmt":"2023-10-11T15:39:56","guid":{"rendered":"https:\/\/dorylansorena.es\/?post_type=tribe_events&#038;p=539"},"modified":"2023-10-11T17:39:56","modified_gmt":"2023-10-11T15:39:56","slug":"presentacion-primaveras-en-el-jardin-de-los-suenos","status":"publish","type":"tribe_events","link":"https:\/\/dorylansorena.es\/index.php\/event\/presentacion-primaveras-en-el-jardin-de-los-suenos\/","title":{"rendered":"Presentaci\u00f3n PRIMAVERAS &#8211; en el jard\u00edn de los sue\u00f1os &#8211;"},"content":{"rendered":"<p>Estimado amigo, el pr\u00f3ximo 11 de noviembre tengo la intenci\u00f3n de presentar a las 12:00 horas en la Tendencia de Alcald\u00eda de Trintxerpe, la obra &#8220;PRIMAVERAS -en el jard\u00edn de los sue\u00f1os-&#8220;, y me gustar\u00eda poder contar contigo. La idea es que en dicha presentaci\u00f3n, 8 rapsodas\/poetas reciten 2 poes\u00edas\/c.u. de las obra que se presenta. Estaremos acompa\u00f1ados de Alberto Egia al piano, de Emilio Azkarate e Idoia Arteaga, con sus hermosas voces y canciones, del grupo O&#8217;Club con su rhythm and blues y de Alba Show Time con su en\u00e9rgico baile&#8230;Como siempre ser\u00e1 una fiesta alrededor de la poes\u00eda. \u00bfTe apuntas?<\/p>\n","protected":false},"excerpt":{"rendered":"<p>Estimado amigo, el pr\u00f3ximo 11 de noviembre tengo la intenci\u00f3n de presentar a las 12:00 horas en la Tendencia de Alcald\u00eda de Trintxerpe, la obra &#8220;PRIMAVERAS -en el jard\u00edn de los sue\u00f1os-&#8220;, y me gustar\u00eda poder contar contigo. La idea es que en dicha presentaci\u00f3n, 8 rapsodas\/poetas reciten 2 poes\u00edas\/c.u. de las obra que se presenta. Estaremos acompa\u00f1ados de Alberto Egia al piano, de Emilio Azkarate e Idoia Arteaga, con sus hermosas voces y canciones, del grupo O&#8217;Club con su rhythm and blues y de Alba Show Time con su en\u00e9rgico baile&#8230;Como siempre ser\u00e1 una fiesta alrededor de la poes\u00eda. \u00bfTe apuntas?<\/p>\n","protected":false},"author":1,"featured_media":532,"template":"","meta":{"om_disable_all_campaigns":false,"_monsterinsights_skip_tracking":false,"_monsterinsights_sitenote_active":false,"_monsterinsights_sitenote_note":"","_monsterinsights_sitenote_category":0,"_tribe_events_status":"","_tribe_events_status_reason":"","footnotes":""},"tags":[27,28,13,21,14],"tribe_events_cat":[16,17,11,10],"class_list":["post-539","tribe_events","type-tribe_events","status-publish","has-post-thumbnail","hentry","tag-encuentro","tag-firma","tag-presentacion","tag-primaveras","tag-recital","tribe_events_cat-encuentro","tribe_events_cat-firma","tribe_events_cat-presentacion","tribe_events_cat-recital","cat_encuentro","cat_firma","cat_presentacion","cat_recital"],"aioseo_notices":[],"_links":{"self":[{"href":"https:\/\/dorylansorena.es\/index.php\/wp-json\/wp\/v2\/tribe_events\/539","targetHints":{"allow":["GET"]}}],"collection":[{"href":"https:\/\/dorylansorena.es\/index.php\/wp-json\/wp\/v2\/tribe_events"}],"about":[{"href":"https:\/\/dorylansorena.es\/index.php\/wp-json\/wp\/v2\/types\/tribe_events"}],"author":[{"embeddable":true,"href":"https:\/\/dorylansorena.es\/index.php\/wp-json\/wp\/v2\/users\/1"}],"version-history":[{"count":1,"href":"https:\/\/dorylansorena.es\/index.php\/wp-json\/wp\/v2\/tribe_events\/539\/revisions"}],"predecessor-version":[{"id":542,"href":"https:\/\/dorylansorena.es\/index.php\/wp-json\/wp\/v2\/tribe_events\/539\/revisions\/542"}],"wp:featuredmedia":[{"embeddable":true,"href":"https:\/\/dorylansorena.es\/index.php\/wp-json\/wp\/v2\/media\/532"}],"wp:attachment":[{"href":"https:\/\/dorylansorena.es\/index.php\/wp-json\/wp\/v2\/media?parent=539"}],"wp:term":[{"taxonomy":"post_tag","embeddable":true,"href":"https:\/\/dorylansorena.es\/index.php\/wp-json\/wp\/v2\/tags?post=539"},{"taxonomy":"tribe_events_cat","embeddable":true,"href":"https:\/\/dorylansorena.es\/index.php\/wp-json\/wp\/v2\/tribe_events_cat?post=539"}],"curies":[{"name":"wp","href":"https:\/\/api.w.org\/{rel}","templated":true}]}}

Presentación PRIMAVERAS &#8211; en el jardín de los sueños &#8211;

<p>Estimado amigo, el próximo 11 de noviembre tengo la intención de presentar a las 12:00 horas en la Tendencia de Alcaldía de Trintxerpe, la obra &#8220;PRIMAVERAS -en el jardín de los sueños-&#8220;, y me gustaría poder contar contigo. La idea es que en dicha presentación, 8 rapsodas/poetas reciten 2 poesías/c.u. de las obra que se presenta. Estaremos acompañados de Alberto Egia al piano, de Emilio Azkarate e Idoia Arteaga, con sus hermosas voces y canciones, del grupo O&#8217;Club con su rhythm and blues y de Alba Show Time con su enérgico baile&#8230;Como siempre será una fiesta alrededor de la poesía. ¿Te apuntas?</p>
