{"id":651,"date":"2025-05-26T10:03:51","date_gmt":"2025-05-26T08:03:51","guid":{"rendered":"https:\/\/dorylansorena.es\/?post_type=tribe_events&#038;p=651"},"modified":"2025-05-26T10:03:51","modified_gmt":"2025-05-26T08:03:51","slug":"flmadrid-2025","status":"publish","type":"tribe_events","link":"https:\/\/dorylansorena.es\/index.php\/event\/flmadrid-2025\/","title":{"rendered":"FLMadrid 2025"},"content":{"rendered":"<p class=\"p1\"><span class=\"s1\">\u00bfTe gusta la poes\u00eda que se siente de verdad?<\/span><\/p>\n<p class=\"p1\"><span class=\"s2\">Este <\/span><span class=\"s1\">domingo 1 de junio<\/span><span class=\"s2\"> te espero en la <\/span><span class=\"s1\">Feria del Libro de Madrid<\/span><span class=\"s2\"> (Caseta 111 &#8211; Bloque 17, El Retiro).<\/span><\/p>\n<p class=\"p1\"><span class=\"s1\">Firma de libros, abrazos, versos y dedicatorias \u00fanicas.<\/span><\/p>\n<p class=\"p1\"><span class=\"s2\">Ven y ll\u00e9vate tu ejemplar firmado de <\/span><span class=\"s3\">Cuando las miradas gritan<\/span><span class=\"s2\"> y <\/span><span class=\"s3\">Primaveras en el jard\u00edn de los sue\u00f1os<\/span><span class=\"s2\">.<\/span><\/p>\n<p class=\"p1\"><span class=\"s1\">Nos vemos donde la palabra florece. \u00a1No faltes!<\/span><\/p>\n<p><img fetchpriority=\"high\" decoding=\"async\" class=\"alignnone size-medium wp-image-652\" src=\"https:\/\/dorylansorena.es\/wp-content\/uploads\/2025\/05\/33A74879-9143-4C0F-8981-4362D7708BDE-212x300.jpeg\" alt=\"\" width=\"212\" height=\"300\" srcset=\"https:\/\/dorylansorena.es\/wp-content\/uploads\/2025\/05\/33A74879-9143-4C0F-8981-4362D7708BDE-212x300.jpeg 212w, https:\/\/dorylansorena.es\/wp-content\/uploads\/2025\/05\/33A74879-9143-4C0F-8981-4362D7708BDE-724x1024.jpeg 724w, https:\/\/dorylansorena.es\/wp-content\/uploads\/2025\/05\/33A74879-9143-4C0F-8981-4362D7708BDE-768x1086.jpeg 768w, https:\/\/dorylansorena.es\/wp-content\/uploads\/2025\/05\/33A74879-9143-4C0F-8981-4362D7708BDE-1086x1536.jpeg 1086w, https:\/\/dorylansorena.es\/wp-content\/uploads\/2025\/05\/33A74879-9143-4C0F-8981-4362D7708BDE.jpeg 1179w\" sizes=\"(max-width: 212px) 100vw, 212px\" \/><\/p>\n","protected":false},"excerpt":{"rendered":"<p>\u00bfTe gusta la poes\u00eda que se siente de verdad? Este domingo 1 de junio te espero en la Feria del Libro de Madrid (Caseta 111 &#8211; Bloque 17, El Retiro). Firma de libros, abrazos, versos y dedicatorias \u00fanicas. Ven y ll\u00e9vate tu ejemplar firmado de Cuando las miradas gritan y Primaveras en el jard\u00edn de los sue\u00f1os. Nos vemos donde la palabra florece. \u00a1No faltes!<\/p>\n","protected":false},"author":1,"featured_media":0,"template":"","meta":{"om_disable_all_campaigns":false,"_monsterinsights_skip_tracking":false,"_monsterinsights_sitenote_active":false,"_monsterinsights_sitenote_note":"","_monsterinsights_sitenote_category":0,"_tribe_events_status":"","_tribe_events_status_reason":"","footnotes":""},"tags":[31],"tribe_events_cat":[17],"class_list":["post-651","tribe_events","type-tribe_events","status-publish","hentry","tag-flmadrid25-firmadelibros-dorylansorena-feriadellibromadrid-poesiaqueabraza-lectoresconalma","tribe_events_cat-firma","cat_firma"],"aioseo_notices":[],"_links":{"self":[{"href":"https:\/\/dorylansorena.es\/index.php\/wp-json\/wp\/v2\/tribe_events\/651","targetHints":{"allow":["GET"]}}],"collection":[{"href":"https:\/\/dorylansorena.es\/index.php\/wp-json\/wp\/v2\/tribe_events"}],"about":[{"href":"https:\/\/dorylansorena.es\/index.php\/wp-json\/wp\/v2\/types\/tribe_events"}],"author":[{"embeddable":true,"href":"https:\/\/dorylansorena.es\/index.php\/wp-json\/wp\/v2\/users\/1"}],"version-history":[{"count":1,"href":"https:\/\/dorylansorena.es\/index.php\/wp-json\/wp\/v2\/tribe_events\/651\/revisions"}],"predecessor-version":[{"id":653,"href":"https:\/\/dorylansorena.es\/index.php\/wp-json\/wp\/v2\/tribe_events\/651\/revisions\/653"}],"wp:attachment":[{"href":"https:\/\/dorylansorena.es\/index.php\/wp-json\/wp\/v2\/media?parent=651"}],"wp:term":[{"taxonomy":"post_tag","embeddable":true,"href":"https:\/\/dorylansorena.es\/index.php\/wp-json\/wp\/v2\/tags?post=651"},{"taxonomy":"tribe_events_cat","embeddable":true,"href":"https:\/\/dorylansorena.es\/index.php\/wp-json\/wp\/v2\/tribe_events_cat?post=651"}],"curies":[{"name":"wp","href":"https:\/\/api.w.org\/{rel}","templated":true}]}}

<p class="p1"><span class="s1">¿Te gusta la poesía que se siente de verdad?</span></p>
<p class="p1"><span class="s2">Este </span><span class="s1">domingo 1 de junio</span><span class="s2"> te espero en la </span><span class="s1">Feria del Libro de Madrid</span><span class="s2"> (Caseta 111 &#8211; Bloque 17, El Retiro).</span></p>
<p class="p1"><span class="s1">Firma de libros, abrazos, versos y dedicatorias únicas.</span></p>
<p class="p1"><span class="s2">Ven y llévate tu ejemplar firmado de </span><span class="s3">Cuando las miradas gritan</span><span class="s2"> y </span><span class="s3">Primaveras en el jardín de los sueños</span><span class="s2">.</span></p>
<p class="p1"><span class="s1">Nos vemos donde la palabra florece. ¡No faltes!</span></p>
<p><img fetchpriority="high" decoding="async" class="alignnone size-medium wp-image-652" src="https://dorylansorena.es/wp-content/uploads/2025/05/33A74879-9143-4C0F-8981-4362D7708BDE-212x300.jpeg" alt="" width="212" height="300" srcset="https://dorylansorena.es/wp-content/uploads/2025/05/33A74879-9143-4C0F-8981-4362D7708BDE-212x300.jpeg 212w, https://dorylansorena.es/wp-content/uploads/2025/05/33A74879-9143-4C0F-8981-4362D7708BDE-724x1024.jpeg 724w, https://dorylansorena.es/wp-content/uploads/2025/05/33A74879-9143-4C0F-8981-4362D7708BDE-768x1086.jpeg 768w, https://dorylansorena.es/wp-content/uploads/2025/05/33A74879-9143-4C0F-8981-4362D7708BDE-1086x1536.jpeg 1086w, https://dorylansorena.es/wp-content/uploads/2025/05/33A74879-9143-4C0F-8981-4362D7708BDE.jpeg 1179w" sizes="(max-width: 212px) 100vw, 212px" /></p>

<p>¿Te gusta la poesía que se siente de verdad? Este domingo 1 de junio te espero en la Feria del Libro de Madrid (Caseta 111 &#8211; Bloque 17, El Retiro). Firma de libros, abrazos, versos y dedicatorias únicas. Ven y llévate tu ejemplar firmado de Cuando las miradas gritan y Primaveras en el jardín de los sueños. Nos vemos donde la palabra florece. ¡No faltes!</p>
